-6) a composite number?
True
Suppose 2*q - 13 = 15. Let s = 199 - q. Is s a prime number?
False
Let r(a) = 8413*a**3 + 6*a**2 - 14*a + 13. Is r(2) prime?
False
Suppose 4*k = -0*k + 5*h + 3813, 0 = -k - 5*h + 972. Let r = k + -366. Is r prime?
False
Suppose -2*a + 0 - 12 = 0. Let m(p) = p**2 + 2*p - 18. Let f be m(a). Suppose -f*l + 3236 = -2*l. Is l prime?
True
Is (2/18 - (-2067)/351) + 20023 prime?
True
Suppose 5*y - 286779 = -4*h, -2*h = -2*y - 79922 - 63490. Is h a composite number?
True
Let m(c) = 27398*c**3 + 3*c - 7. Let q(a) = 27398*a**3 + 3*a - 8. Let x(d) = 4*m(d) - 3*q(d). Is x(1) a composite number?
False
Let p be (2 - -20) + -1 - 1. Let z = -17 + p. Is -3 - 18422/(-6) - z/9 composite?
False
Suppose 5*s + 216346 = 2*x, -310 + 294 = -4*s. Is x prime?
False
Let c = -64946 - -37472. Is -1*(c/2 + 48/(-24)) prime?
False
Let o(v) = v**2 - v + 19473. Suppose 10*w = h + 8*w - 4, 3*h - 3*w - 6 = 0. Is o(h) composite?
True
Suppose 134 - 110 = 4*r, 0 = 3*w + 5*r - 1570491. Is w composite?
False
Let o(f) = 3*f**2 + 13*f - 9. Let y be o(-6). Suppose -y*x + 24*x = 318. Is x a prime number?
False
Let u = 1462 - 2517. Is (0 + u)*(-2)/5 prime?
False
Suppose 5*f + 2*n - 147767 = 0, -358*f = -361*f - 4*n + 88677. Is f composite?
True
Let g(d) = -2*d**2 + d**3 + d**3 + d**3 - 4*d**3 - 1. Let y be g(-2). Is 4 - (-921 + (-5)/y + -3) a composite number?
True
Suppose 0*t + 5*t + 6 = 2*n, -6 = -2*n. Suppose t = 16*v - 4*v - 681600. Is 6/14 - v/(-224) prime?
False
Is (-448638718)/(-605) - (-7)/5 composite?
True
Suppose 12*f = 11*f - 28. Is ((-64472)/f)/((-2)/(-7)) a prime number?
True
Let y(m) = 31*m**3 + 17*m**2 + 12*m - 843. Is y(17) a prime number?
True
Suppose 2*n = -5*g - 65, 4*g + 9*n - 6*n = -52. Is (g - -2)/(1/(-131)) a prime number?
False
Suppose 759*g - 4*s - 1626482 = 754*g, -650592 = -2*g + 2*s. Is g composite?
True
Let o(z) be the second derivative of -z**3 + 13*z**2/2 - z. Let t be o(3). Is (t - (-18)/4)*-934 a composite number?
False
Suppose 0 = 4*d + 7*m - 2*m + 1542, -4*d - 4*m - 1540 = 0. Is (-291)/(-388) - d/(-4)*-23 a composite number?
False
Suppose -2708110 = -5*b + 3*c + 1681281, -2*b + 1755776 = -4*c. Is b a prime number?
False
Let g(h) be the second derivative of -41*h**3/6 - 7*h**2 - 14*h. Let m(n) = 81*n + 27. Let p(j) = -11*g(j) - 6*m(j). Is p(-9) a composite number?
False
Let y be ((8/12)/1)/((-6)/(-9)). Let f(d) = 13*d - 3. Let x be f(y). Is (20/8*-1)/((-1)/x) composite?
True
Let p be 3/(-7) + (-413214)/(-42). Suppose -2*d + 1072 = t, 4288 = 4*t + 5*d - 3*d. Suppose 0 = -6*b - t + p. Is b prime?
False
Let p(a) = a**3 + 61*a**2 + 2*a + 134581. Is p(0) prime?
True
Is -3*(3 - 2414/6) prime?
False
Let n(a) = -10*a - 56. Let x be n(-6). Suppose -x*j - 454 + 2622 = 0. Is j prime?
False
Suppose 9 = -2*v + 11. Let o be (-15)/(-18) + (-2)/(-12) + v. Suppose -g + 1401 - 226 = 2*l, 0 = l + o*g - 589. Is l prime?
True
Let b(m) be the third derivative of 7*m**5/30 - m**3 - 20*m**2. Let s be b(3). Is 30/s + 3259/4 composite?
True
Let f(t) = -t. Let d(m) = -1959*m + 2. Let h(x) = -d(x) - 2*f(x). Is h(1) composite?
True
Let z(g) = 659*g**3 + 5*g**2 + 8*g - 31. Is z(4) prime?
True
Suppose 730460 = 5*i - 5*d, 3*d - 104244 = 5*i - 834694. Is i composite?
True
Suppose 7*w = -5*j + 33050, 0 = 3*j + 2*w + 454 - 20295. Is j a prime number?
False
Let p be 4/1 + -1089 + (-6 - -6). Let n = p + 1707. Suppose 0 = -4*j + 1834 + n. Is j a prime number?
False
Let a be 24/4*(5 - 1639). Let i = 14125 + a. Is i a composite number?
True
Is 4084221/76*5*(-4)/(-15) prime?
False
Let p be 2/9 + (-26)/117. Suppose -8*u + 3040 = -p*u. Let i = u - -119. Is i a composite number?
False
Let k = -202053 - -489326. Is k composite?
True
Suppose 4*m - 12 = 0, 2*m + 15 = 3*b + m. Suppose 4*u - 50 = -b. Let n(k) = 35*k - 6. Is n(u) a prime number?
True
Let q = 106642 - 42828. Is q a prime number?
False
Is -2*(1223623/(-6) + (-58)/(-87)) composite?
True
Let m = -61857 + 198300. Is m composite?
True
Suppose -2*i - 12 = -2*a, -4*a - 4*i + 9 = -7. Suppose 4*q - 18 = -a*q. Is 1/q + ((-225)/(-2))/1 a prime number?
True
Let v be 4430/6 + -2 - (-52)/(-39). Is 1 + v - (-4 - -1) composite?
False
Suppose -2*a = 3*o - 10, 2*a - a - 4*o - 5 = 0. Suppose 5*s - 430 = 5*b, 3*s = -a*b + b + 237. Suppose -h - u = -s, -u + 154 = 2*h - 2*u. Is h composite?
False
Suppose 0*d + 1644851 = 3*d + 10*d. Is d prime?
False
Let a(l) = -668*l**3 + 2*l**2 - 6*l + 7. Is a(-4) composite?
True
Suppose 3*d + 2*p = 68805, -5*d - 3*p + 114676 = -0*d. Is d prime?
True
Let z = -170 - -475. Let v be (z*-1 + 0)/(-1). Let c = v - -108. Is c composite?
True
Let b be 7178 - (-30)/(-6) - (-1)/1. Suppose -b = -9*k + 7793. Is k a prime number?
True
Let k(r) = -44*r**2 + 94*r**2 - 49*r**2 - 21 + 3*r. Is k(17) prime?
False
Suppose 2*i + 231015 = 3*c, 15 = -5*i - 0*i. Is c a composite number?
False
Suppose -2*w - 1 = -4*r + 21, 3*w + 23 = -4*r. Let j be (-2 - -1) + -3 - w. Suppose j*d = p - 5*p + 4838, -3*p - d = -3623. Is p composite?
True
Suppose 8*u + 849 = 7*u. Let h = u - -1482. Is h composite?
True
Let r(l) be the second derivative of -l**2/2 - 14*l. Let u(f) = 26*f - 44. Let v(y) = -3*r(y) + u(y). Is v(14) composite?
True
Let h = 12 - 4. Let j(d) = 23*d + 1. Is j(h) composite?
True
Let a = 175 - 360. Let x = -166 + a. Let u = 536 + x. Is u prime?
False
Suppose 20256 = 4*v - j, v + 4*j - 6204 + 1123 = 0. Is v composite?
True
Let b(j) = 501*j**2 + j + 6. Let p be b(-4). Let o = p - 3867. Is o a prime number?
False
Is (593155 + 26)*5/45 composite?
True
Let u = -1 - -8. Suppose -521 = -u*l + 6*l. Let z = l - 254. Is z composite?
True
Let v(m) = -504*m**2 - 5*m + 27. Let z(y) = 168*y**2 + 2*y - 9. Let w(q) = 2*v(q) + 7*z(q). Let s be w(-5). Let l = 10050 - s. Is l a prime number?
True
Suppose -12*x + 9*x + 153330 = 0. Suppose 0 = -16*h + x + 39722. Let z = 11426 - h. Is z prime?
True
Let n(v) = 7*v + 72. Let s be n(-8). Is 3485020/352 - (-6)/s a prime number?
True
Let k(a) = 76*a**2 - 11*a + 107. Is k(36) a composite number?
False
Suppose -523467 = -6*m - m. Suppose 5*x - 74773 = -s - 2*s, 5*x + s = m. Is x composite?
False
Suppose 22250 = 2*b - 2*d, 2*d - 3*d = 2*b - 22265. Suppose -b = -11*p - 28279. Let q = -765 - p. Is q a prime number?
False
Let i = -42 + 50. Let a be 22/i - 4/(-16). Is 28*(a/6)/((-4)/(-758)) a prime number?
False
Let v = 1594029 + -876910. Is v prime?
False
Let t(i) = -4246*i**3 - i**2 - 14*i - 81. Is t(-4) composite?
False
Let p be 6 - 7 - (-15436)/(-1). Let u = -2465 - p. Suppose -5*t + u = 2057. Is t prime?
False
Let l(c) = 1639*c + 1087. Is l(13) a composite number?
True
Suppose k = i + 277915, 0 = -18*k + 20*k - i - 555834. Is k prime?
True
Is -6 - (0 + 2 + -11919) a prime number?
False
Suppose -478934 = 27*p - 32*p - 3*s, 4*s = 5*p - 478913. Is p prime?
False
Let f(p) = -3*p**2 - 32*p + 15. Let x(l) = l**3 - 9*l**2 + 15*l - 18. Let t be x(7). Let u be f(t). Suppose 5*j + 2*i - 30 = 3*j, u*j - 55 = i. Is j prime?
False
Let g = -256 - -246. Is (6 + (-17)/2)*28904/g prime?
False
Let z = 70158 + -13589. Is z a prime number?
True
Let r(n) = -76 + 87 + 718*n + 30. Is r(12) a composite number?
True
Suppose -15*v + 991729 + 495737 = -1609149. Is v a composite number?
True
Let b be 4/8 + ((-9)/(-2))/1. Suppose 0*l - 5*l + 50 = f, 2*l - b*f - 20 = 0. Is ((-4)/l)/((-11)/2255) composite?
True
Is 1 + (-15)/((-15)/64108) a composite number?
False
Suppose 4*k + 31 = 43, 487681 = 5*d + 2*k. Is d composite?
True
Let n(j) = 9354*j**2 + 79*j - 80. Is n(1) composite?
True
Let l be (-19)/(-5) - 16/(-80). Suppose -l*o - 27 = -43. Suppose -o*n + 97 = -87. Is n a prime number?
False
Suppose 7*u - 2296 + 742 = 0. Suppose 5*a = 3*k - 1466, k + 5*a - u - 300 = 0. Is k prime?
False
Suppose 5*z - 10*c + 11*c - 13 = 0, 4*z - c = 5. Suppose 0 = b - 3*l - 567, -3*b - 2*l + 1701 = l. Suppose -m - z*n + b = -0*n, -n + 562 = m. Is m prime?
True
Suppose -382*o + 386*o - 1130151 = -q, -2*q + 4*o + 2260362 = 0. Is q a composite number?
True
Suppose -108*p + 11187 = -97*p. Is -5*4/((-60)/p) prime?
False
Let p be (-30)/4 - 24/(-16). Let h be -3*31/p*62. Let s = h - -508. Is s composite?
True
Suppose -3*k - 2*k = 2*d - 16658, 5*k = -d + 8329. Is d composite?
False
Let q = 250316 - 126637. Is q a prime number?
False
Let z = -7299 + 48